8 + c - 1831 - 6*q**2. Calculate a(2).
-20
Let x(q) = -3*q - 12. Let j be x(-5). Suppose 0 = 4*f - j*f + 4. Let v = f + 8. Let y(w) = w**2 - 2*w - 3. Calculate y(v).
5
Let t = 99754/3 + -33251. Let i(q) be the third derivative of 0 - 37*q**2 + 0*q - 1/60*q**5 - t*q**3 + 1/6*q**4. Give i(4).
-2
Let n(u) = u**2 + 6*u + 5. Suppose -5*c - 455 = -10*c. Let l be 24/28*c/(-26). Calculate n(l).
-4
Let m = -93 + 98. Let q(y) = -10*y + m*y + 4*y + 3*y**2. Calculate q(-1).
4
Let y(p) be the second derivative of p**5/20 + p**4/4 - 3*p**2/2 + 2*p. Let x = -45 + 52. Suppose 3*j + 4 = -2*g, -x*j = -2*j + 5*g. Give y(j).
-19
Suppose -4*t - 23 = -11, -4*t = -2*b + 40. Let k be (b/(-8))/((-1)/(-4)). Let s(i) = i**3 + 6*i**2 - 6*i - 2. Determine s(k).
-9
Let p = -333 + 617. Let s(w) = 559*w - p*w - 280*w + 2. What is s(2)?
-8
Let s(k) = 287*k - 1719. Let w be s(6). Let f(t) = 4*t + 5. What is f(w)?
17
Suppose -4*m = -2*m - 2. Let y(s) = m + 0 - 3*s**2 + 7*s**2. Let f be 910/(-84) - (-30)/36 - -11. Give y(f).
5
Let x = -51 - -149. Let t = 102 - x. Let r(v) = -60*v + 113*v + v**3 - 3*v**2 + 0 + t - 54*v. Give r(3).
1
Suppose 0 = -2*v - 3*d - 2, v = 2*d + 3*d - 1. Let t(f) = 62*f**3 + f + 2. Determine t(v).
-61
Let n be (-1)/(116/(-20) + 6). Let a(c) = -10*c**3 + 59*c**2 + 3*c - 73. Let p(z) = 7*z**3 - 40*z**2 - 2*z + 49. Let h(k) = n*a(k) - 7*p(k). Calculate h(15).
7
Let k(g) be the third derivative of -5*g**4/24 - 6*g**3 - 2427*g**2. Calculate k(-7).
-1
Let a(p) = -2*p**3 + 10*p**2 + 2*p. Let h = 13369 - 13364. Calculate a(h).
10
Let a(j) = 1556*j - 4. Let g(k) = -290*k + 1. Let q(d) = 4*a(d) + 22*g(d). Give q(1).
-150
Let l(d) = -3578*d + 280. Let w(v) = 672*v - 56. Let a(p) = -3*l(p) - 16*w(p). What is a(4)?
-16
Let i(u) be the first derivative of u**7/840 + u**6/120 - u**5/20 - u**4/3 + 20*u**3/3 - 210. Let g(y) be the third derivative of i(y). Calculate g(-4).
0
Let v(m) = -m**3 + 2*m. Suppose 15*x - 3*x = 60. Suppose x = 5*g, -5*g = 4*a - g - 52. Let p(u) = -5*u + 58. Let i be p(a). Calculate v(i).
4
Let y(l) = -10*l**3 - l**2 - 2*l - 13. Let s(w) = 3*w**3 + w + 4. Let c(j) = 13*s(j) + 4*y(j). Give c(-5).
0
Let y(i) = 10*i - 1. Let r be (-56)/(-8) + (-6 - 0). Let q(o) = 2*o. Let l(f) = r*y(f) - 6*q(f). Give l(-3).
5
Let o(q) = -5*q**3 + 6*q**2 + 2*q + 8. Let a(l) = 18*l**3 - 19*l**2 - 6*l - 25. Let i(f) = -2*a(f) - 7*o(f). Give i(-3).
-9
Let u(b) = -b**3 + 16*b**2 - 14*b - 5. Let w be u(15). Let s be (-640)/800*(-1)/((-4)/w). Let t(d) = 7*d + 3. Give t(s).
-11
Let r(f) = -f**3 - 9*f**2 + 3*f - 5. Let k(y) = -y - 1. Let p(u) = 2*k(u) + r(u). Let q(w) = -46*w**3 - 56*w**2 - 2*w - 1. Let h be q(-1). Determine p(h).
-16
Let t(y) = -y**2 + 10*y - 3. Let u = -16 - -19. Suppose u*z - 2*q - 23 = -q, 3*q - 3 = z. Determine t(z).
6
Let g(n) be the second derivative of n**5/20 + 25*n**4/12 + 3*n**3 - 71*n**2 - 1369*n - 1. Determine g(-24).
2
Let d be (780/(-20))/234*3*-5. Let h(u) be the first derivative of 48 + d*u**2 + 3*u. What is h(-5)?
-22
Let x(a) = -6*a**2 - 122*a - 7. Let n(l) = 7*l**2 + 145*l + 8. Let y(f) = -5*n(f) - 6*x(f). Suppose 3*r + 2*i = -12, -r - 2*i = r + 6. What is y(r)?
-4
Let i = -135 + 142. Suppose 54 = m + 51. Let x(z) = 2*z**2 + 5*z - 3 + 9*z**2 - 3*z**2 - z**m - 11*z. Determine x(i).
4
Let t(g) = -g**3 - 5*g**2 + 5*g + 7. Let f(q) = 10*q + 171. Let p(c) = 10*c + 172. Let b(d) = 3*f(d) - 4*p(d). Let w be b(-17). Determine t(w).
-18
Suppose -5*i + 11 = 1. Let w = 38 - 13. Let f(n) = 4*n - 10*n**3 + w - 28 + 8*n**3. Give f(i).
-11
Suppose 0 = 5*c - 4*m, 3*c - 37 = 5*m - 10*m. Suppose c*n = 29 + 23. Suppose 0 = -2*v + 3*i + n, 5*v - 2*i - 2 = 3. Let j(u) = 3*u. Give j(v).
-3
Let i(v) = 11 + 134*v - 4 + 139*v - 272*v. Let l = -37 + 27. Give i(l).
-3
Suppose 39*v - 5*w = 41*v + 18, -2*w = v + 13. Let a(o) = o + 27. What is a(v)?
-2
Let p(z) = 2*z - 1. Let k(w) = 2*w**3 + 62*w**2 + 121*w + 139. Let j be k(-29). Calculate p(j).
-13
Suppose -8*y - 2298 = -2314. Let f(i) = 13*i**3 - 123*i**2 + 38*i**2 + 46*i**2 + 40*i**y + i. Suppose -2*a + 1 = 3*c + 8, 8 = -4*a. Give f(c).
-13
Let g(m) = 2*m**3 - 6*m**2 - 3*m + 6. Let r be 14/10 + 104/65. What is g(r)?
-3
Let f be ((-21)/63)/((-10)/15). Let a(t) be the second derivative of -37*t + 0 + 2/3*t**3 - 1/12*t**4 + f*t**2. What is a(3)?
4
Let a(w) = -5*w**2 + 2*w - 1. Let v(g) = 14*g**2 + 9*g - 7. Let s(x) = 2*a(x) + v(x). Calculate s(-4).
3
Let m = 337 - 304. Let o(n) = n**2 + 13*n + 9. Let b be o(-7). Let v = b + m. Let c(r) = r**2 + r + 16. Give c(v).
16
Let x(p) = p - 4*p + 6*p. Let u be (-4)/14*(161/14 + -8). Calculate x(u).
-3
Let r = 5 + -5. Let z(i) = r*i + 0*i - 2*i + 1. Suppose -10*q + 144 = 114. Calculate z(q).
-5
Let o(x) = x**3 + 7*x**2 + 3*x - 6. Let j be 3/4 + 54/24. Suppose z + 55 = 2*p - 4*z, -j*z = -3*p + 60. Suppose 0 = -2*t - p + 3. Give o(t).
12
Let q = 4 - -2. Let f(u) be the first derivative of -7*u + u + 3 - 10*u**2 + 11*u**2. Determine f(q).
6
Let o(u) be the third derivative of -u**5/60 + 3*u**4/4 - 43*u**3/6 - 2634*u**2. Give o(17).
-26
Let t(d) = 2*d + 1. Suppose -8*n - 2*a = -12*n + 106, 3*n = a + 77. Suppose 0 = -n*q + 13*q + 22. Determine t(q).
5
Let i(d) = -d**3 + d**2 + 74*d + 2. Let o be i(-8). Let n be (-5 + (-189)/(-49))*o. Let r(z) = z**3 - 17*z**2 + 15*z + 6. Give r(n).
-10
Let v be ((15/(-2))/3)/(1600/(-1280)). Let q(j) = -6 - 4*j + 4 + j - 7. Let m(k) = 2*k + 8. Let p(g) = -6*m(g) - 5*q(g). Give p(v).
3
Let n(t) = t + 7. Let s be (-6)/((-1 - 10/(-6)) + -1). Suppose -s = 3*m - 6*m. Give n(m).
13
Let k = 16087 + -16085. Let f(x) be the second derivative of -x**4/4 + x**3/3 - x**2 + 3*x. What is f(k)?
-10
Suppose -6*q = -2*w - q + 420, 0 = 3*q. Let y be (-6)/16 + w/48. Let p(a) = 8*a - 2*a + y - 5*a - 2*a. What is p(-4)?
8
Let j(v) = v**2 + 4*v + 4. Suppose -3*s + 4*p + 8 = 0, 2*s - 5*p = -9*p + 32. Let w = 5 - s. Let a be j(w). Let c(b) = 3*b**2 - b + 1. What is c(a)?
3
Let h(t) = 4*t**3 + 3*t**2 + 4*t + 3. Let j be (15*-1)/(-3)*136/10. Let l = j - 120. Let s be (-13)/l - (-9)/(-4). Calculate h(s).
-25
Let x(d) = 118*d + 103*d + 72*d + 26 + 53 - 256*d. What is x(-2)?
5
Let p = 20 - 13. Let q(a) = -p*a + a + 20 + 13*a. Let o(t) = -4*t - 10. Let w(g) = -5*o(g) - 3*q(g). Determine w(-6).
-4
Let l(w) = -9*w - 9. Suppose -4*b = p - 29, 4*b = 748*p - 743*p - 1. Give l(p).
-54
Let j be -5 + ((-35)/42)/((-60)/756). Let t(n) be the first derivative of 0*n + 42 - j*n**2. Calculate t(-1).
11
Let m(s) = s**2 + 4545*s + 18158. Let l be m(-4). Let j(y) = 0*y - 17 + 3 - 2*y. What is j(l)?
-2
Let a(m) be the first derivative of 5*m - 15 + 1/2*m**2. Let r be (5 - 4)/(1/5). Give a(r).
10
Let k(z) = -4*z**2 - z + 1. Let t(y) = y**2. Let g(o) = k(o) + 3*t(o). Let q(s) = s**2 - 30*s - 348. Let h be q(-9). Calculate g(h).
-11
Let s(l) = -3*l**3 - 22*l + 4*l**3 - 403 - 13*l**2 + 423. What is s(14)?
-92
Let u(s) be the third derivative of s**4/6 + 178*s**2 - 2*s. Calculate u(-9).
-36
Let i(u) = u**3 - 25*u**2 + 19*u + 108. Suppose 77*y + 151*y = -68*y + 7104. Determine i(y).
-12
Suppose 0 = 520196*z - 520190*z + 42. Let b(c) be the third derivative of -c**5/60 - c**4/3 - c**3/2 + c**2. Give b(z).
4
Let w(m) be the first derivative of -m**4/4 - 4*m**3 + m**2 - 12*m + 77. Give w(-12).
-36
Let d be (-40)/3 - (-4)/(-6). Let g(b) = -752*b**3 + 753*b**3 + 14*b**2 - 17 - 3*b + 5*b - 3*b. Give g(d).
-3
Let l(i) = 33 + 40*i - 11*i - 11*i - 9*i - 11*i. Determine l(-15).
63
Suppose 0 = 4*x - 5*w + 42, -4*w - 1 = -2*x - 25. Let m(z) = -12*z - 85. Give m(x).
11
Let h(p) = 4*p**2 - 7*p + 7. Suppose -4*y + 3*r = -72 + 73, -23 = y - 4*r. Give h(y).
72
Let o(z) = -z + 1. Suppose -8 = -2*j, 0 = -3*a - j + 7 + 18. Suppose m = -4*s - 35, a = -2*s - 0*s + 3*m. Let l be (s/(-3))/(10/(-15)). Give o(l).
5
Let g(w) = -3*w**2 - 6*w - 10. Let f(d) = 4*d**2 + 3*d + 9. Let x(m) = 5*f(m) + 4*g(m). Determine x(2).
19
Let d(c) = -173*c - 49. Let g(s) = -43*s - 8. Let j(t) = 3*d(t) - 13*g(t). Determine j(1).
-3
Let z(r) = -5*r**2 + 16*r + 4. Let j = -30 + 22. Let h(b) = -7*b**2 + 25*b + 6. Let q(x) = j*z(x) + 5*h(x). What is q(-1)?
6
Let w(h) be the third derivative of -h**6/120 - 3*h**5/20 - h**4/12 - h**3 - 17*h**2 - 40*h. Determine w(-9).
12
Let g(f) = 5*f + 28. Let t be g(-5). Suppose -t*v + 6*v - 4*v = 0. Let x(w) = -2